22938359?
2
What is the hundred millions digit of 872006890?
8
What is the hundred millions digit of 363277737?
3
What is the units digit of 121311001?
1
What is the hundred thousands digit of 3646159632?
1
What is the hundred millions digit of 324716338?
3
What is the thousands digit of 545607961?
7
What is the ten millions digit of 1409604327?
0
What is the hundred millions digit of 118320487?
1
What is the units digit of 64231805?
5
What is the millions digit of 32199152?
2
What is the units digit of 653898174?
4
What is the tens digit of 1484573393?
9
What is the thousands digit of 1290070310?
0
What is the ten millions digit of 163960175?
6
What is the ten millions digit of 111487393?
1
What is the units digit of 21965284?
4
What is the hundred millions digit of 785275978?
7
What is the ten millions digit of 55714284?
5
What is the ten millions digit of 1238721903?
3
What is the tens digit of 34006992?
9
What is the ten thousands digit of 56998353?
9
What is the thousands digit of 2868800124?
0
What is the ten thousands digit of 482009005?
0
What is the millions digit of 50345846?
0
What is the tens digit of 43123485?
8
What is the hundred millions digit of 273832354?
2
What is the hundred millions digit of 361094228?
3
What is the hundreds digit of 2937768394?
3
What is the thousands digit of 129902216?
2
What is the tens digit of 3242582?
8
What is the hundred thousands digit of 182720647?
7
What is the millions digit of 56037882?
6
What is the hundred thousands digit of 142686504?
6
What is the hundreds digit of 8780859?
8
What is the tens digit of 21813491?
9
What is the hundreds digit of 76045122?
1
What is the thousands digit of 187961?
7
What is the tens digit of 102377017?
1
What is the ten thousands digit of 6058721?
5
What is the hundred millions digit of 1749637210?
7
What is the hundreds digit of 178288719?
7
What is the units digit of 78792437?
7
What is the millions digit of 398761581?
8
What is the ten millions digit of 234661273?
3
What is the ten thousands digit of 3389693941?
9
What is the hundred millions digit of 1011458608?
0
What is the hundred thousands digit of 14457404?
4
What is the tens digit of 35779147?
4
What is the billions digit of 4965738346?
4
What is the hundred millions digit of 1405571426?
4
What is the hundreds digit of 103357939?
9
What is the tens digit of 212226106?
0
What is the tens digit of 106717304?
0
What is the millions digit of 57083062?
7
What is the hundreds digit of 428506898?
8
What is the hundreds digit of 33749822?
8
What is the hundreds digit of 57700412?
4
What is the thousands digit of 161163008?
3
What is the millions digit of 106648679?
6
What is the ten millions digit of 1490029873?
9
What is the thousands digit of 172352100?
2
What is the ten millions digit of 1848795801?
4
What is the tens digit of 357548839?
3
What is the millions digit of 28868633?
8
What is the units digit of 89239098?
8
What is the hundreds digit of 119452138?
1
What is the units digit of 740198951?
1
What is the tens digit of 192850010?
1
What is the thousands digit of 160103724?
3
What is the units digit of 2798990283?
3
What is the units digit of 402379136?
6
What is the tens digit of 3937385656?
5
What is the ten millions digit of 120130161?
2
What is the billions digit of 3997662162?
3
What is the ten thousands digit of 281279694?
7
What is the tens digit of 48154775?
7
What is the thousands digit of 793934357?
4
What is the ten thousands digit of 6285219476?
1
What is the hundred thousands digit of 220350897?
3
What is the ten millions digit of 120128055?
2
What is the hundred millions digit of 130057708?
1
What is the millions digit of 5973044189?
3
What is the tens digit of 57899560?
6
What is the hundred thousands digit of 3366215857?
2
What is the ten thousands digit of 300219663?
1
What is the ten millions digit of 1645048284?
4
What is the thousands digit of 2928125607?
5
What is the tens digit of 925295260?
6
What is the millions digit of 49315731?
9
What is the ten thousands digit of 36991296?
9
What is the ten thousands digit of 60026426?
2
What is the ten thousands digit of 43161581?
6
What is the thousands digit of 447269421?
9
What is the hundreds digit of 89816872?
8
What is the hundred thousands digit of 4704744?
7
What is the thousands digit of 1427817994?
7
What is the hundred millions digit of 1507444953?
5
What is the millions digit of 2131084432?
1
What is the hundred millions digit of 1364735792?
3
What is the thousands digit of 37823388?
3
What is the units digit of 611367?
7
What is the hundred thousands digit of 8449317900?
3
What is the units digit of 331429027?
7
What is the ten thousands digit of 17628834?
2
What is the ten thousands digit of 990725575?
2
What is the millions digit of 274838144?
4
What is the millions digit of 36676075?
6
What is the millions digit of 796220731?
6
What is the hundred thousands digit of 103700993?
7
What is the ten millions digit of 75479374?
7
What is the ten millions digit of 273416456?
7
What is the tens digit of 1496890708?
0
What is the ten millions digit of 5057643616?
5
What is the hundred millions digit of 1174178184?
1
What is the millions digit of 287111578?
7
What is the tens digit of 1629134841?
4
What is the hundred thousands digit of 1017578098?
5
What is the ten millions digit of 77429242?
7
What is the hundred thousands digit of 15509920?
5
What is the hundred thousands digit of 16420268?
4
What is the ten millions digit of 28667283?
2
What is the hundreds digit of 5973831755?
7
What is the thousands digit of 539557300?
7
What is the hundred millions digit of 3997299511?
9
What is the hundred millions digit of 377378076?
3
What is the millions digit of 723435127?
3
What is the ten millions digit of 76632791?
7
What is the ten millions digit of 853016670?
5
What is the hundred millions digit of 617527076?
6
What is the tens digit of 58670230?
3
What is the millions digit of 225510973?
5
What is the billions digit of 1014744425?
1
What is the ten thousands digit of 12069910?
6
What is the millions digit of 908126567?
8
What is the billions digit of 3729356733?
3
What is the hundred millions digit of 2751267496?
7
What is the units digit of 1384903500?
0
What is the hundreds digit of 1489335633?
6
What is the hundred thousands digit of 1253883872?
8
What is the tens digit of 17879880?
8
What is the millions digit of 37182859?
7
What is the hundred millions digit of 628660197?
6
What is the tens digit of 845937519?
1
What is the tens digit of 52285236?
3
What is the ten millions digit of 210524996?
1
What is the hundred millions digit of 3834561670?
8
What is the hundred millions digit of 258640323?
2
What is the ten thousands digit of 3452953?
5
What is the tens digit of 351655461?
6
What is the hundreds digit of 46876817?
8
What is the millions digit of 353924671?
3
What is the millions digit of 58287469?
8
What is the thousands digit of 186013771?
3
What is the ten thousands digit of 290049212?
4
What is the thousands digit of 102562599?
2
What is the hundred thousands digit of 33636732?
6
What is the tens digit of 33134867?
6
What is the hundred thousands digit of 218196787?
1
What is the hundred millions digit of 436994354?
4
What is the ten thousands digit of 1901385553?
8
What is the units digit of 391625641?
1
What is the thousands digit of 45754502?
4
What is the units digit of 2778923697?
7
What is the tens digit of 27330193?
9
What is the ten millions digit of 62723526?
6
What is the units digit of 226233692?
2
What is the thousands digit of 316025686?
5
What is the ten thousands digit of 6461131132?
3
What is the hundred thousands digit of 4581745560?
7
What is the hundred millions digit of 289074931?
2
What is the hundreds digit of 271383440?
4
What is the ten thousands digit of 39232946?
3
What is the ten thousands digit of 22728375?
2
What is the thousands digit of 33849688?
9
What is the hundreds digit of 79899419?
4
What is the units digit of 43494554?
4
What is the hundred millions digit of 265003985?
2
What is the millions digit of 60863131?
0
What is the hundred thousands digit of 7817171041?
1
What is the hundred thousands digit of 838932827?
9
What is the millions digit of 1244468574?
4
What is the hundr